isor of x and 95?
19
Let j be (-4)/12 + 152/6. Calculate the highest common factor of 25 and j.
25
Suppose 5*k = 3*q - 36, q - 12 = -k - k. What is the highest common factor of 48 and q?
12
Suppose 5*g + q - 36 = -3, -43 = -5*g + 4*q. Suppose 10 = 5*z, 0 = 2*f - 3*z + 5 - 1. Calculate the highest common factor of f and g.
1
Let g = 14 - 23. Let s be (6/g)/((-4)/18). Let t be 14 + (s - -1)/(-2). What is the greatest common divisor of t and 48?
12
Suppose -2*l + 28 = 2*l. Let r(v) = v**2 + 6*v - 6. Let h be r(l). Let f = 20 - 3. What is the highest common divisor of f and h?
17
Let l = 1 - -6. Suppose -3*d + 2*b + 145 = 0, 5*b + 96 = 2*d + 3*b. What is the highest common factor of d and l?
7
Let y be 32/10 - (-3)/(-15). Suppose 0 = -y*p + 5*p - 68. What is the greatest common divisor of 51 and p?
17
Suppose 3*n - 7*n = -200. What is the highest common factor of 10 and n?
10
Let g(b) = -b**3 - 4*b**2 + 2*b - 4. Let j be (-3 + 2)*(-20)/(-4). Let v be g(j). Suppose 2*q = -q + 231. What is the highest common divisor of v and q?
11
Suppose v + 16 = 3*v. Suppose -v*f + 11*f - 156 = 0. What is the greatest common divisor of f and 78?
26
Suppose -31*d = -10*d - 462. Let c(y) = -2*y**3 - 7*y**2 - 3*y + 5. Let h be c(-4). Calculate the highest common divisor of h and d.
11
Let z be (0 - (-35)/4)*4. Suppose z = 5*k - 3*t, 0 = -4*k - 2*t - 1 + 7. Suppose k*o - 10 = 62. What is the greatest common divisor of o and 9?
9
Let b be (0/(-3 + 2))/1. Let i be 31 + (2 - (b + 3)). What is the greatest common divisor of i and 10?
10
Let b be 1*24/(-9)*-3. Let o = 52 - 28. What is the highest common divisor of b and o?
8
Let m(d) = d + 9. Let j be m(-7). Suppose 3*t - j*z - 122 = -4*z, t + 5*z = 45. Calculate the greatest common factor of t and 10.
10
Suppose -4*b = -456 + 40. What is the greatest common factor of 26 and b?
26
Suppose 3*j - 45 = -2*c + 6*j, 4*c + 4*j = 40. Calculate the greatest common factor of c and 165.
15
Suppose -4*o + 3 + 1 = 0, 5*h - o - 249 = 0. Let d(b) = b**2 + b - 2. Let k be d(-4). What is the greatest common factor of k and h?
10
Let u(o) = o**3 + 6*o**2 - 7*o - 2. Let q be u(-7). Let m be 40 + q + (0 - -4). What is the highest common factor of m and 6?
6
Let l(a) = -a**3 - 8*a**2 - a - 6. Let b be l(-8). Suppose -3*t + 5*x = b*x - 45, 0 = 3*t + 2*x - 60. Calculate the highest common factor of t and 198.
18
Suppose -4*d - 3*u + 36 = 0, -d - 2*d + 40 = -u. What is the highest common divisor of d and 60?
12
Let k = 25 - 9. Let i be 39 + -2 + 9/3. Calculate the highest common divisor of i and k.
8
Suppose 0 = -8*q + 2*q + 192. What is the greatest common divisor of 96 and q?
32
Suppose -785 = -4*u - u. Suppose u + 23 = 5*p. Calculate the highest common divisor of 90 and p.
18
Let p = 37 + 17. Let k = 104 - p. Calculate the greatest common factor of 20 and k.
10
Let t(p) = p + 2. Let a(r) = 4*r + 7. Let m(y) = -2*a(y) + 7*t(y). Let d be m(4). Let s be 1*(37 + 2 + d). Calculate the greatest common divisor of s and 7.
7
Let y(k) = k + 16. Let j be y(-10). Suppose -g - 36 = -j*t + 4*t, t - 4*g = 32. Calculate the highest common factor of 160 and t.
16
Let c(d) = d**3 - 6*d**2 + 6*d + 6. Let f be c(6). What is the highest common divisor of f and 6?
6
Let s(p) = -p**2 - 6*p + 2. Let i be s(-5). Suppose a - i + 2 = 0. Suppose 0 = 5*f + 3*n - 11, 27 = 3*f - a*n. Calculate the highest common divisor of f and 36.
4
Suppose -5*u - 7 + 17 = 0. Suppose c = 5*p + 424, 2*c - u*p + 446 = 1318. Let b = c - 232. Calculate the highest common divisor of b and 23.
23
Let b be 1/((5/3)/5). Suppose b*i = -3*v + 63, 3*i = -i + v + 84. Let y = 45 - i. Calculate the highest common factor of 6 and y.
6
Let y = -42 + 73. What is the greatest common factor of 279 and y?
31
Let d(s) = 5*s**2 - 1. Let g be d(1). Suppose -g*z + 130 = -2*o, 81 + 39 = 4*z - 4*o. What is the greatest common divisor of z and 5?
5
Suppose 5*p + 5*d = d + 6, -12 = -4*p + 4*d. Suppose 44 = p*n + 6. What is the greatest common divisor of 57 and n?
19
Suppose r = 2*r - 176. Let l = 16 + 0. What is the highest common factor of l and r?
16
Let i be (-11)/(-3)*(4 - -2). Let a(o) = -o**3 - 3*o**2 - 8*o - 2. Let m be a(-6). What is the greatest common factor of m and i?
22
Let j be 0 + 2/2 - -2. Suppose -k = 3*k - 224. Suppose 3*w + j*l + 18 = 5*w, 4*w - k = -4*l. What is the greatest common divisor of 48 and w?
12
Let j = 5 + -1. Let u(b) = -4*b - 1. Let g be u(-1). Suppose -2*d - 1 = -g*d. What is the greatest common factor of j and d?
1
Let u = -4 + 2. Let k(q) = 2*q**2 + 3*q + 2. Let i be k(u). Let z = 32 + 0. What is the highest common divisor of i and z?
4
Suppose 48 = 4*v + 2*c, -3*v - c + 0*c + 38 = 0. What is the highest common factor of v and 14?
14
Let o be 3 - 1 - 1 - 5. Let s be o/10 - 37/(-5). Calculate the greatest common divisor of 14 and s.
7
Let n(p) = -11*p + 13. Let t(r) = 16*r - 20. Let k(v) = 8*n(v) + 5*t(v). Let g be k(-5). What is the greatest common divisor of 66 and g?
22
Let p be (1 - 17)*4/(-8). Calculate the highest common divisor of p and 2.
2
Suppose -3*u - 18 = -0*b - 2*b, -b + 5*u = -2. What is the greatest common factor of 12 and b?
12
Let n be 6/(3 - 5)*-1. Suppose 4*d - n*d - 30 = 0. What is the greatest common factor of 15 and d?
15
Suppose 3*z = 2*m - 563 + 202, -5*m + 931 = 2*z. What is the highest common factor of 74 and m?
37
Let g(o) = -12*o**3 - 2*o - 2. Let i be g(-1). Calculate the highest common divisor of 48 and i.
12
Let v(c) = 7*c. Let t be v(2). Let s = 0 + t. What is the greatest common factor of 56 and s?
14
Let x be (2 + 10/25)/((-6)/(-45)). Calculate the greatest common divisor of 12 and x.
6
Let g be 7 + (-3 + 7/3)*-3. Calculate the greatest common divisor of g and 9.
9
Let z(t) = -5*t + 1 + 4 + 1 - 6*t**2 - t**3 + 1. Let g be z(-5). Calculate the greatest common divisor of g and 21.
7
Let q(v) = 5*v**3 - 4*v**2 + 4*v + 1. Let i be q(3). What is the highest common factor of i and 14?
14
Let n be (4*1/4 - -115) + 4. What is the greatest common factor of 30 and n?
30
Suppose -f + 1 = -4. Let s(b) = -b**3 + 7*b**2 + 2*b - 8. Let n be s(7). Let l be n/(-4)*14/(-21). Calculate the greatest common factor of f and l.
1
Let i = -10 - -10. Let h = 8 - i. What is the greatest common divisor of 8 and h?
8
Let k(n) be the second derivative of -n**5/5 + 3*n. Let m be k(-1). Suppose 0*d + 228 = m*d. Calculate the highest common factor of d and 38.
19
Suppose -4*o = -o - 72. Suppose 8 = -4*z + 2*c, -3*z + c = 2*c - 4. Let i = 6 - z. Calculate the highest common factor of i and o.
6
Let o = 3 - -10. Suppose -i - 15 + 106 = 0. Calculate the greatest common factor of o and i.
13
Let q(x) = 22*x**2 - x - 2. Let h be q(-2). Let m be (12/(-5))/((-6)/20). What is the greatest common divisor of m and h?
8
Let d(q) = -q**3 + 7*q**2 - 3*q + 2. Let c be d(6). What is the highest common factor of 160 and c?
20
Suppose 2*x = -t - 3*x, -3*x = 0. Suppose 5*o - 20 + t = 0. What is the highest common factor of 28 and o?
4
Let h = 0 + -2. Let c be 2*(-9)/(-2) - h. Suppose 4*d + 5*i - 31 = -1, c = d + 3*i. What is the highest common factor of d and 55?
5
Let k(a) = a**3 - 5*a**2 + 3*a + 4. Let c be k(4). Suppose c = 2*y - 0*y. Let l be -1*(y + -1 + 0). What is the highest common divisor of l and 7?
1
Let c be (-4)/14 - 426/(-21). Calculate the greatest common divisor of 10 and c.
10
Let w = -12 - -12. Suppose 0*x + x - 45 = w. What is the highest common divisor of 9 and x?
9
Let c(t) = t**3 + 11*t**2 - 10*t + 39. Let p be c(-12). What is the highest common factor of p and 105?
15
Let w(h) = -11*h**2 - 17*h + 5. Let r(m) = 5*m**2 + 8*m - 2. Let l(z) = -13*r(z) - 6*w(z). Let a be l(4). What is the greatest common factor of 32 and a?
4
Suppose 3*x - 14 = x. Let v = 22 - x. Calculate the highest common factor of 165 and v.
15
Suppose -99 = -2*j - 19. Let d(i) = -i + 16. Let z be d(8). Calculate the highest common factor of j and z.
8
Suppose 3*d = 12, -3*g - d + 263 = -2*d. Let a = g + -64. Let i = 4 + 6. What is the greatest common factor of a and i?
5
Let j(r) = 7*r. Let h be j(16). What is the greatest common factor of h and 16?
16
Let v = 37 + -11. What is the highest common divisor of v and 65?
13
Suppose 4*k + 78 = -4*c + 3*k, 0 = k - 2. Let h be (26/65)/((-1)/(-190)). Let b =